rmine h(f).
-5
Let s(i) be the second derivative of i**5/60 - i**4/4 + i**3/2 + 3*i**2/2 - 3*i. Let q(b) be the first derivative of s(b). Give q(5).
-2
Let z(g) be the second derivative of g**5/20 + g**4/3 - g**3/6 - g**2 - 6*g. Calculate z(-2).
8
Let o = 18 + -21. Let q(p) be the second derivative of -p**5/20 - p**4/3 - 2*p**3/3 - p**2/2 + p. What is q(o)?
2
Let b = -108 - -104. Let n(t) = t - 2. What is n(b)?
-6
Let r(v) = -5*v**2 - 2*v + 7. Let k(b) = -9*b**2 - 3*b + 13. Let u(h) = 4*k(h) - 7*r(h). What is u(-2)?
-5
Suppose -2*k + 1 = 9, -5*y + 2*k = 12. Let n(m) = 2*m + 3. Give n(y).
-5
Let y(v) = v**3 + 6*v**2 + 5*v + 5. Suppose 3*l + 12 = 5*f - 2*f, -l - 4 = -4*f. Let w(s) = -5 + f + s**3 + 6*s**2 + 0*s**3. Let k be w(-6). Determine y(k).
5
Let t(c) = -c. Let x(o) = -3*o + 1. Let p(f) = 14*t(f) - 4*x(f). Give p(-4).
4
Let h(m) be the first derivative of -m**3/3 - 3*m**2/2 + 8*m + 6. Determine h(-6).
-10
Let w(q) = -q**2 - 10*q - 6*q + 18 + 20*q - 5*q. Give w(0).
18
Let g(c) = -c**2 - 5*c - 1. Let b be (24/16)/(6/(-16)). Determine g(b).
3
Suppose -2*u - 13 = 3*i - 32, -10 = -2*u. Let m(k) = 7*k**3 - 2*k**2 + 3*k - 8. Let g(n) = n**3 + n - 1. Let p(x) = 6*g(x) - m(x). Determine p(i).
2
Let p(a) = a + 4. Let i be (-2 - -3)/(1/(-4)). Calculate p(i).
0
Let u(p) = -p**2 - 6*p - 5. Let i be (-6)/(-7)*7/1. Let w be (3 - 0)/3 - i. Let r be u(w). Let t(q) = -q**2 + q + 2. Calculate t(r).
2
Let x = -18 - -16. Let l(d) = 3 + 2*d**2 - 3*d**2 - d**3 + 3*d**2 - 5*d**2 + 4*d. What is l(x)?
-9
Let h(x) = 4*x + 1. Let v be h(-1). Let c(u) = -3*u - 4. Calculate c(v).
5
Let z(v) = v**3 + 3 - 2 + 108*v**2 - 102*v**2 + 7*v + 5. Calculate z(-4).
10
Let b(n) be the first derivative of -n**4/4 + 5*n**3/3 + 3*n**2 + 4*n + 1. Let h be b(6). Let k(p) = -p**3 + 5*p**2 - 4*p. Determine k(h).
0
Let u(o) = -o**2 + 7*o - 5. Suppose 0 = -5*n + 4*t - 24, 3*n - t + 21 = -2*n. Let l be (3 + n)/((-2)/10). What is u(l)?
5
Let s be (-1 - -2) + -2 + -3. Let b be s/(-14) + 176/(-28). Let q(p) = p**3 + 5*p**2 - 7*p - 2. What is q(b)?
4
Let r(z) = -7 - z - z**2 + 2 - 8 + 4 + z**3. Let j(f) = f**2 - 1. Let l(s) = s**3 + 3*s**2 - s - 4. Let d be l(-3). Let g be j(d). What is r(g)?
-9
Let z(x) = x**3 - 6*x**2 + 4*x + 4. Let l(w) = w**3 + 8*w**2 - 8*w + 14. Let r be l(-9). Determine z(r).
-1
Let z(d) = -2*d**2 + 11*d + 27. Let n be z(7). Let x(m) = -m**2 + 3*m - 6. What is x(n)?
-24
Let j(o) = o**3 - 10*o**2 + 9*o + 3. Let p be j(9). Suppose 0 = -5*u - p - 12. Let h(c) = 3*c - 4. Determine h(u).
-13
Let g be (-36)/(-48) + (-26)/(-8). Let r(h) = h**2 - 5*h + 4. Give r(g).
0
Let r(x) = -x**3 - 5*x**2 - 6*x. Suppose -4*q - 25 = 3*l, q + 5 - 7 = 2*l. Let y = 6 + l. Suppose y*n - 2*n = -4. Calculate r(n).
8
Suppose -3*c - 4*y + 40 = 0, 0 = -5*c - 3*y - 2*y + 60. Let t(u) = c*u + 0*u**2 - u**2 + 1 - 9*u + 2*u**2. What is t(2)?
3
Suppose -12 = 3*u + u. Let j = u - 2. Let o(d) = -53*d**3 - 4*d**2 - 5 + 2*d - 51*d**3 + 103*d**3. Determine o(j).
10
Let x(n) be the first derivative of 2*n**3/3 - n**2 + 2*n + 6. Determine x(3).
14
Let q be 18/22 + (-5)/55*-2. Let z(a) = 18*a**2 - a + 1. Calculate z(q).
18
Let i(q) = q**3 + 4. Let d = -1 + -6. Let h = d - -7. Determine i(h).
4
Let p(d) = 2*d**3 + d**2 - d - 1. Let q be p(-1). Let w be q/2*(0 + 2). Let o(g) = 3 + 6*g - 4 + 3*g. Determine o(w).
-10
Let l(s) = -2*s**2 + 2*s + 5. Let z be l(3). Let a(d) = d**3 + 7*d**2 - 2*d - 8. Give a(z).
6
Let p be (15/(-12))/((-1)/(-28)). Let l be (-189)/p + (-4)/10. Let u(b) = -b**3 + 5*b**2 + 5. Give u(l).
5
Let d(u) = -2 + 338*u - 333*u + 4. What is d(-3)?
-13
Let h(s) = s**2 - 7*s + 2. Let n(c) = -3 - 12*c + c**2 - 11 - 6*c. Let f be n(12). Let j be f/(-18) + 18/81. Calculate h(j).
-8
Let y(f) be the second derivative of 3*f**5/10 + f**3/6 + f**2/2 + f. Determine y(-1).
-6
Let v = 1 - -2. Suppose 0 = v*u - 12, -4*u = g - 3*u - 7. Let j(c) = 2 + c**3 + 0*c**3 + 3*c**2 - g. What is j(-3)?
-1
Let k(x) be the first derivative of x**2 + 3*x + 1. Determine k(-3).
-3
Let i(u) be the third derivative of u**4/24 + 7*u**3/3 + 4*u**2. Give i(-6).
8
Let p(u) be the second derivative of u**7/840 - u**6/180 + u**5/60 - u**4/24 - u**3/2 + 3*u. Let m(k) be the second derivative of p(k). Give m(1).
0
Let x be 8/(-2) - 3/(-3). Let p(j) = j**3 - 5*j**2 - 6*j + 2. Let g be p(6). Let o(l) = 2 + l + 1 - g + 2. Calculate o(x).
0
Let z(p) = p**2 - 3*p + 3. Let v(b) = b**2 - 4*b + 4. Let n(u) = 4*v(u) - 5*z(u). Determine n(-3).
-5
Let d(g) = 2*g - 1. Let j(b) = -b**2 + 2*b. Let y be j(2). Suppose 0 = x - y - 1. Determine d(x).
1
Let w(f) be the third derivative of -1/24*f**4 + 0*f + 0 - 1/6*f**3 + 3*f**2. Determine w(1).
-2
Let d(r) = r**3 + 7*r**2 + 5*r - 1. Let m be d(-6). Suppose 8*y + 30 = m*z + 3*y, -4*z + 5*y + 28 = 0. Let p(q) = q + z*q + 0*q. Give p(1).
3
Let i(z) = 4*z**2 - 3*z + 2. Let j(v) be the second derivative of -v**4/12 - v**3/6 + v**2/2 + v. Let y = -4 - -1. Let b(t) = y*j(t) - i(t). Determine b(5).
0
Suppose 3*w + v - 33 = -4*v, -3*w + 33 = -2*v. Let i(n) = n - 13. Calculate i(w).
-2
Let w(a) = -a - 18. Let i be w(15). Let t be 168/44 - 6/i. Let h(m) = m**2 - 4*m - 3. What is h(t)?
-3
Let u(h) = h**2 - 6*h - 1. Let m(w) = 5*w + 3. Let b be m(-4). Let y(l) = 3*l**2 - 17*l - 3. Let t(j) = b*u(j) + 6*y(j). Calculate t(0).
-1
Let m(h) be the first derivative of h**3/3 - h**2/2 - 7*h - 2. Let z(a) = -a**3 - 7*a**2 + 5. Let i be z(-7). Suppose 0 = -i*t - 0*t. Give m(t).
-7
Let l(h) be the first derivative of -h**4/4 - 2*h**3 - h**2/2 - 5*h + 13. Determine l(-6).
1
Let m be -2*1 + 2 + 3. Let l(s) = s**2 + 14 - 5*s**2 - 16 + s**3 - 3*s + 2*s**2. Calculate l(m).
-2
Let b(i) = i**2 + 4*i + 2. Let w = -35 + 32. What is b(w)?
-1
Suppose 5*v - 8*v = 12. Let s(p) = -p**3 - 4*p**2 + 3*p + 5. Determine s(v).
-7
Let x = -58 + 55. Let n(k) = -k**3 - 3*k**2 - 2*k + 2. What is n(x)?
8
Let i = -9 - -3. Let w(q) be the third derivative of q**6/120 + q**5/10 - 2*q**3/3 - 5*q**2. Determine w(i).
-4
Let w be -4*(4 + 33/(-12)). Let p(l) = l + 3. Give p(w).
-2
Let r(y) = -y**3 + 2*y**2 + 1. Let p be 3 + -5 + 2 + 3. Calculate r(p).
-8
Let c be (-6)/(-4)*10/3. Let y(b) = 16*b**2 + 6*b. Let x(u) = u**2 + u. Let f(d) = c*x(d) - y(d). Determine f(-1).
-10
Let j(o) = -o**3 - 3*o**2 - 2*o + 1. Let m(u) = -2*u**3 - 8*u**2 - 5*u + 3. Let b(n) = 11*j(n) - 4*m(n). Calculate b(-1).
3
Let b(x) be the first derivative of -x**2/2 - 3*x - 1. Let s(o) = 3*o**3 - 3*o + 5. Let t be s(4). Let f be t/65 - (-4)/26. What is b(f)?
-6
Let i(u) = u**3 + 3*u**2 - u - 2. Let h be i(-3). Let f(g) = 3*g**2 - 2*g + 1. Let p be f(1). Let z(d) = -d - 4*d**2 + 12*d**p - d + 1. Determine z(h).
7
Let z(r) = -6*r - 5*r**3 + 7*r**2 + 5 - r**2 + 4*r**3. Determine z(4).
13
Let u(p) be the third derivative of p**4/12 + 4*p**3/3 - p**2. What is u(-7)?
-6
Let l be (-4)/5*60/8. Let b be 1 + 2 + -3 - 0. Let w(h) = -8 - 3*h + 4*h - 2*h + b*h. Give w(l).
-2
Let c(j) = -j**3 + 2*j + 3. Let t be (12 + -11)/(1/(-2)). What is c(t)?
7
Let u be (1*8/(-12))/((-22)/(-33)). Let n(x) = x**2 + x. Let d(w) = -6*w**2 - 5*w. Let p(j) = -d(j) - 5*n(j). Determine p(u).
1
Let p = -6 - -4. Let x(d) be the first derivative of -d**2/2 - 2*d - 36. Calculate x(p).
0
Let n(b) = 3*b**3 + b. Let r be 3/12*-2*-20. Suppose i + 6*v - 3*v - 16 = 0, -r = -5*i - v. Calculate n(i).
4
Let c = 6 + -4. Suppose c = 2*z - 2. Let t(v) = v + 0 - z - 1 - 3*v. Give t(-5).
7
Let v(q) = q**3 - 7*q**2 + 6*q + 3. Let j = 23 + -17. What is v(j)?
3
Let s = -7 + 12. Let z(i) be the third derivative of 1/6*i**3 + i**2 - 1/60*i**5 + 0*i + 0 + 1/4*i**4. What is z(s)?
6
Let q(z) be the first derivative of -8*z**3/3 + 5*z**2/2 - 7*z + 4. Let r(h) = -17*h**2 + 11*h - 15. Let o(u) = 13*q(u) - 6*r(u). Give o(-1).
-2
Let p be ((-8)/10)/(8/(-20)). Suppose -2*z = -z - p. Let n(o) = -2*o**z + 3*o**3 - 4*o**3 - o**2 + 5*o + 2 + 4. Give n(-4).
2
Let f(h) = -3*h - 28 + 5*h + 32. Give f(-3).
-2
Let g(i) = -2*i**3 - 2*i**2 + 2*i. Let c(k) = k**3 + k**2 - k + 1. Let y(x) = -c(x) - g(x). Let w = 6 - 13. Let z = 9 + w. Calculate y(z).
9
Let x(d) = -2*d + 3. Let g(m) be the third derivative of m**6/120 - m**5/6 + 5*m**4/12 - 2*m**3 - 6*m**2. Let f be g(9). Determine x(f).
9
Let r = 0 + -3. Let d be (5 + r)*(-1)/(-2). Let y(o) be the first derivative o